)?
-1126
Let g(n) = -4*n**3 - 336*n**2 + 9061*n + 761113. What is g(-84)?
-11
Let s(m) = -9*m**2 + 141669*m + 283342. Give s(-2).
-32
Let n(a) = 5*a**3 + 131*a**2 + 549*a - 171. Calculate n(-21).
-234
Let b(s) = 730*s - 24084. Give b(33).
6
Let p(r) = -12156*r + 3719706. Give p(306).
-30
Let w(n) = 664*n + 3582. Give w(-8).
-1730
Let f(u) = -25*u**2 - 5*u + 594. Give f(-5).
-6
Let l(s) = 23703*s + 213364. Calculate l(-9).
37
Let i(g) = -213*g**2 + 2978*g - 105. Give i(14).
-161
Let a(g) = -g**3 + 13*g**2 - 66*g + 951. What is a(12)?
303
Let w(r) = -130*r + 1443. Give w(14).
-377
Let c(v) = v**3 + 16*v**2 - 83*v - 1401. Give c(-13).
185
Let u(r) = 11*r**2 - 2*r - 507. Give u(7).
18
Let g(o) = o**3 + 33*o**2 - 159*o + 919. Give g(-37).
1326
Let q(o) = o**3 - 54*o**2 - 1972*o - 8336. What is q(-21)?
1
Let f(u) = 3022*u - 17772. Determine f(6).
360
Let u(i) = 186*i - 4375. Give u(24).
89
Let v(l) = -2204*l + 500305. What is v(227)?
-3
Let x(m) = -m**3 + 41*m**2 + 2768*m - 78. What is x(-36)?
66
Let w(p) = 30*p**3 - 6*p**2 + 90*p + 15. What is w(4)?
2199
Let n(d) = d**2 + 110*d - 1062. What is n(9)?
9
Let a(w) = -1020*w - 20227. Calculate a(-18).
-1867
Let p(q) = -2*q**3 + 409*q**2 + 35024*q - 730. What is p(-65)?
-15
Let t(z) = 56*z + 11537. Determine t(-184).
1233
Let x(l) = -l**2 + 1789*l + 3945728. Calculate x(-1284).
-4
Let z(k) = 3*k**2 + 194*k - 493. Calculate z(-70).
627
Let t(j) = 2075*j + 74731. What is t(-36)?
31
Let l(t) = t**3 - 27*t**2 - 1788*t - 529. Determine l(58).
51
Let c(y) = 2*y**3 - 74*y**2 - 425*y + 7389. Calculate c(40).
-11
Let t(y) = -31*y**3 + 13*y**2 + 45*y + 22. What is t(-3)?
841
Let b(a) = -6*a**2 + 175*a + 54. What is b(19)?
1213
Let d(a) = a**2 - 166*a - 3106. Give d(-17).
5
Let m(v) = -63*v + 8962. Determine m(140).
142
Let q(v) = -3641*v + 36406. What is q(10)?
-4
Let l(v) = -69*v - 13571. What is l(-161)?
-2462
Let d(k) = -2*k**3 - 442*k**2 - 9791*k + 1766. What is d(-196)?
2
Let f(c) = 6*c**3 - 648*c**2 + 29*c + 596. Determine f(108).
3728
Let u(x) = 2*x**3 + 93*x**2 - 83*x - 1715. What is u(-47)?
-23
Let r(u) = -103*u**3 + u**2 - 497*u + 1505. What is r(3)?
-2758
Let r(z) = 124065*z - 1240654. Determine r(10).
-4
Let v(h) = 8*h**2 - 562*h - 49. Determine v(72).
959
Let p(u) = -87*u + 33851. What is p(389)?
8
Let h(g) = 8021*g + 5205630. What is h(-649)?
1
Let a(s) = 24*s**2 - 117*s - 342. Give a(-3).
225
Let n(t) = -5*t**3 + 44*t**2 - 65*t + 87. Determine n(7).
73
Let x(a) = -5769486*a - 5769475. Determine x(-1).
11
Let i(a) = a**3 - 487*a**2 - 373*a - 56150. What is i(488)?
-30
Let i(q) = q**3 - 12*q**2 + 17*q + 122. Determine i(7).
-4
Let w(z) = -700*z**2 - 2776*z + 58. Determine w(-4).
-38
Let g(x) = -4*x**2 + 338*x - 807. Determine g(82).
13
Let q(t) = t**3 + 117*t**2 + 1982*t - 3287. Determine q(-96).
-23
Let p(k) = 114*k**2 + 19835*k + 77507. Determine p(-4).
-9
Let j(g) = -2*g**2 + 45082*g - 585729. Calculate j(13).
-1
Let x(p) = 21683*p - 86704. Calculate x(4).
28
Let u(x) = 51*x**2 - 43*x - 22. Give u(0).
-22
Let v(z) = 92165*z - 829476. Calculate v(9).
9
Let j(t) = -t**3 + 53*t**2 - 280*t + 18. What is j(6)?
30
Let r(t) = 43*t**2 - 3909*t - 339. What is r(91)?
25
Let q(z) = -29*z - 1758. Give q(-61).
11
Let c(o) = 70*o**2 + 16644*o + 29262. Give c(-236).
-2
Let i(l) = 48*l**2 - 6795*l - 35198. Calculate i(-5).
-23
Let y(w) = 2*w**3 - 197*w**2 + 665*w + 712. Calculate y(95).
712
Let r(a) = 17*a**3 + 134*a**2 - 9*a + 51. Give r(-8).
-5
Let j(q) = 437*q - 174810. What is j(400)?
-10
Let w(z) = 454*z - 21461. Calculate w(47).
-123
Let l(q) = 2*q**3 + 167*q**2 - 90*q - 190. Give l(-84).
314
Let y(a) = -12139*a + 2901212. Determine y(239).
-9
Let d(z) = 32833*z - 623827. Give d(19).
0
Let k(f) = 152*f**2 - 19322*f + 56604. Calculate k(3).
6
Let c(u) = u**3 + 15*u**2 + 124*u + 2340. Calculate c(-16).
100
Let m(z) = -z**3 - 49*z**2 + 253*z + 5053. What is m(-52)?
9
Let r(o) = -o**2 + 80653*o + 1936250. Calculate r(-24).
2
Let x(k) = -k**2 + 39*k - 278. Give x(16).
90
Let c(p) = -97*p**2 + 631*p - 898. What is c(5)?
-168
Let h(m) = -2*m**2 - 87903*m + 1143088. Calculate h(13).
11
Let a(n) = 101*n - 101. Give a(8).
707
Let l(m) = -m**2 - 5641*m - 285080. Calculate l(-51).
10
Let w(u) = -14648*u + 205108. Determine w(14).
36
Let v(u) = 32862*u + 985875. Give v(-30).
15
Let s(g) = g**3 + 27*g**2 - 656*g - 17930. What is s(-27)?
-218
Let j(t) = -47381*t - 900224. Give j(-19).
15
Let a(l) = l**2 - 534*l + 33244. Determine a(72).
-20
Let t(j) = j**3 - 57*j**2 - 796*j + 3328. Give t(68).
64
Let f(r) = r**2 + 299*r - 239218. Determine f(362).
64
Let h(c) = -10*c + 1158. Calculate h(-2).
1178
Let b(v) = 2066*v - 762461. Give b(369).
-107
Let z(l) = 200*l**2 - 1319*l - 186. What is z(7)?
381
Let t(z) = -z**3 - 6*z**2 - 95*z + 691. Determine t(0).
691
Let d(i) = -20*i**3 - 48*i**2 + 48*i + 40. What is d(-3)?
4
Let y(x) = -x**3 + 17*x**2 + 40*x + 49. Calculate y(17).
729
Let q(a) = 5865*a + 1800559. Determine q(-307).
4
Let y(o) = 2218627*o + 28842147. Determine y(-13).
-4
Let z(c) = c**3 - 45*c**2 + 53*c - 7. Determine z(44).
389
Let g(i) = -i**3 + 678*i**2 + 2755*i - 18415. What is g(682)?
-1
Let k(j) = 26*j**3 + 3*j**2 - 45*j + 9. Calculate k(4).
1541
Let u(a) = 57100*a - 9250212. What is u(162)?
-12
Let l(g) = 1771*g - 12372. Calculate l(7).
25
Let m(d) = -d**2 + 604*d - 64963. Calculate m(464).
-3
Let g(x) = 7*x**2 + 1947*x + 23204. Determine g(-12).
848
Let z(d) = 1739*d - 401705. Determine z(231).
4
Let o(t) = -13*t**3 - 892*t**2 + 3549*t + 64. Give o(4).
-844
Let s(x) = 4*x**2 - 2451*x + 343328. Give s(396).
-4
Let r(o) = -16*o**2 - 593*o - 94. Calculate r(-37).
-57
Let n(q) = q**3 + 25*q**2 + 235*q + 755. Calculate n(-6).
29
Let g(z) = z**2 - 221*z + 5067. Calculate g(30).
-663
Let r(b) = -5*b**3 - 80*b**2 + 31*b + 419. Give r(-16).
-77
Let h(r) = 342*r - 35504. What is h(105)?
406
Let n(r) = -258*r**2 + 17543*r + 83. Determine n(68).
15
Let t(a) = a**3 + 62*a**2 + 174*a - 566. Give t(-5).
-11
Let c(q) = 1883*q + 48961. Determine c(-26).
3
Let c(z) = -z**2 - 623*z + 110268. What is c(-767)?
-180
Let h(n) = 14*n**3 - 1243*n**2 + 3354*n + 162. Determine h(86).
162
Let o(d) = -1109*d**3 - 3*d**2 - 45*d - 43. What is o(-1)?
1108
Let l(u) = 1723*u - 396300. Determine l(230).
-10
Let g(q) = 22482*q - 202343. Determine g(9).
-5
Let j(h) = -19852*h + 34185150. Calculate j(1722).
6
Let j(a) = 515566*a - 1546678. Determine j(3).
20
Let o(v) = -4*v**3 + 1193*v**2 - 6153*v + 35. Give o(293).
35
Let u(t) = -5*t**3 - 13*t**2 + t + 119. Calculate u(0).
119
Let o(z) = 2*z**3 - 392*z**2 + 7956*z + 110. Determine o(23).
64
Let o(d) = 2*d**3 + 140*d**2 - 2940*d + 1570. Give o(-87).
4
Let s(v) = 18*v**2 - 38035*v + 38032. Determine s(1).
15
Let a(p) = -60*p**2 - 506*p - 855. Give a(-6).
21
Let j(a) = -5*a**2 - 320*a + 971. What is j(-60)?
2171
Let h(r) = r**2 - 6972*r + 201334. Calculate h(29).
-13
Let i(c) = 673*c**3 - c**2 + 129*c - 127. What is i(1)?
674
Let c(v) = -24*v**2 + 892*v - 4422. Determine c(5).
-562
Let f(y) = -321*y - 2821. Determine f(-8).
-253
Let r(i) = -3*i**2 + 1078*i - 25025. What is r(25)?
50
Let m(n) = -n**2 - 10*n - 43. Give m(-9).
-34
Let l(i) = -46606*i + 13841984. Determine l(297).
2
Let m(l) = -5864*l - 87985. Determine m(-15).
-25
Let i(s) = -1158*s + 7300. Determine i(7).
-806
Let i(r) = -6*r**3 + 1865*r**2 - 7063*r + 620. Calculate i(307).
6
Let w(k) = -422*k**2 + 1578*k - 12. Give w(4).
-452
Let u(m) = -3*m**2 - 687*m + 19872. Determine u(26).
-18
Let r(u) = -55837*u - 446700. Determine r(-8).
-4
Let x(t) = 18*t**3 - 129*t**2 + 24*t - 17. Calculate x(7).
4
Let f(a) = 3864*a - 19847. What is f(5)?
-527
Let p(v) = -16*v**2 - 826*v + 896. Determine p(-52).
584
Let q(n) = -n**3 - 18*n**2 + 35*n + 742. Determine q(0).
742
Let w(a) = -a**2 + 69*a + 41494. What is w(-172)?
42
Let p(z) = 13*z**2 - 87*z + 57. What is p(4)?
-83
Let v(s) = -78*s**2 - 1008*s - 3072. Give v(-5).
18
Let p(j) = 4453*j - 240481. What is p(54)?
-19
Let w(o) = o**3 + 3*o**2 - 749*o - 3717. Give w(-5).
-22
Let l(z) = -6*z**3 + 405*z**2 - 190*z - 726. What is l(67)?
11
Let z(s) = -s**2 + 37*s + 15631. Give z(-111).
-797
Let d(g) = 36*g**2 - 5333*g + 697. Calculate d(148).
-43
Let s(u) = -3*u**3 + 2501*u**2 + 5850*u + 1671. Determine